 = -l. What is the units digit of (-1)/h - (-100)/12?
8
Let g = 12 + -3. Let t be (-5)/((-15)/g) + 1. What is the units digit of (5 + -3)*10/t?
5
Suppose -4*q + 5*q - 220 = -4*d, 0 = -q. What is the tens digit of d?
5
Let u be 5/(-15)*(0 - 3). Let r be 5*u + (-1)/(-1). What is the units digit of 9/r*(-14)/(-3)?
7
Let l(j) be the third derivative of j**5/30 - j**4/4 + 5*j**3/6 - 6*j**2. What is the tens digit of l(5)?
2
Suppose -5*y = -y - 16. Suppose 34 = 2*c - 2*x, 2*x = y*x - 2. What is the tens digit of c?
1
Let j(c) = 3*c**2 - 3*c - 12. What is the units digit of j(5)?
8
Let s = 49 - 6. What is the tens digit of s?
4
Let j be 4/(-8) + (-70)/(-4). Suppose -5*l + 23 = -j. What is the units digit of l?
8
Let w(a) = -a**3 - 2*a**2 - a + 2. Let t be w(-2). What is the units digit of 18*2/t + 0?
9
Let t be (1/(-2))/((-1)/74). Suppose -p + t = 2*c - 3*c, 0 = -3*p + c + 121. Suppose -p = 4*l - 102. What is the units digit of l?
5
Suppose -66 = -10*s - 6. What is the units digit of s?
6
Let q(h) = -h**3 + 12*h**2 + 2*h - 18. What is the units digit of q(12)?
6
Suppose -3*k = -12 - 15. What is the units digit of k?
9
Let x(q) = q**2 + q - 2. Let z be x(-2). Let y be 1/(-1*2/(-10)). Suppose 0 = -y*l - z*l - 3*a + 26, 4*l - 2*a = 34. What is the units digit of l?
7
Suppose 4*p + p + 3*s - 60 = 0, 0 = 2*p + 4*s - 10. What is the units digit of p?
5
Let k(y) = y**3 - 7*y**2 + 4. Suppose 0 = 2*v + 6, -3*g - v = 2*g + 18. Let s be (2 + 5)*(-2 - g). What is the units digit of k(s)?
4
Let k(p) = -3*p**2 + 16*p - 2. What is the tens digit of k(4)?
1
Let p = -113 - -54. What is the tens digit of p*4/(3 + -7)?
5
Suppose 2*c + 2*o = -0*c + 50, c - 5*o - 13 = 0. Suppose -5*p + 15 + 10 = 5*b, 3*b + 5*p = c. What is the units digit of b?
1
Suppose -2*x = -3*f + 6, -19 = -f - 0*f - 5*x. Suppose -42 = -2*q + f*t, q + 2*t - 36 = -q. What is the tens digit of q?
1
Let m(a) = 9*a**2 - 7*a + 14. What is the tens digit of m(5)?
0
Let o = -4 - -4. Let j be (o - -3)/(1/1). Suppose 0 = b - 5, -2*b + 9 = q - j*b. What is the units digit of q?
4
Let p(a) = -396*a + 4. What is the hundreds digit of p(-1)?
4
Suppose -2*n + 528 - 222 = 0. What is the hundreds digit of n?
1
Let w = -127 - -183. What is the tens digit of w?
5
Suppose 10 = 4*l + l. Let u(v) = -2*v + 3*v**3 + 2*v**2 + 3 - 3*v**2 - 2*v**2 + v**2. What is the tens digit of u(l)?
1
Suppose 5*k - 4*w = 158, 6*w - 3*w = -4*k + 114. Let q = k - 11. What is the units digit of q?
9
Let m be (0 - -2)*15/6. Suppose -2*a + 32 = 3*t, m*a + 8 = t + 88. What is the units digit of a?
6
Let y(r) be the first derivative of -11*r + 1 + 5/2*r**2 + 1/3*r**3. What is the units digit of y(-8)?
3
Suppose 2*b = 3*b - 2. Let u = 56 + -28. Suppose -b*m + 6*m = u. What is the units digit of m?
7
What is the tens digit of 30*((-70)/6)/(-7)?
5
Suppose 4*b - 290 = -5*i, i + 144 = 3*i - 4*b. What is the units digit of i?
2
Suppose 4 = -l - 0*l - f, 0 = f + 1. What is the tens digit of (-1)/(-3) + (-38)/l?
1
Suppose -2*w - 5 = -3*w, 3*g + 23 = 4*w. Let m(y) = -3 + 4 - 18*y + 3*y. What is the tens digit of m(g)?
1
Suppose 0*n + 3*i = 5*n - 470, 282 = 3*n + i. What is the tens digit of n?
9
Let n = 12 + -8. Let j(g) = -n + 7 + 1 + g. What is the units digit of j(5)?
9
Let k(d) be the first derivative of -d**2/2 + 2*d - 3. Suppose p + 5 = -8. What is the units digit of k(p)?
5
Let t(a) = -12*a**3 - 6*a**2 - 12*a - 1. What is the units digit of t(-2)?
5
Suppose 4*r + 15 = -3*q, 3*r + 3*q = 2*r - 15. Suppose -5*d - 111 = -4*u, -2*u + 59 = -r*u + d. What is the units digit of u?
9
Let u = 166 - 26. What is the hundreds digit of u?
1
Let p(b) = 4*b**3 + 8 - 3*b**3 + b - 38*b**2 + 37*b**2. What is the units digit of p(0)?
8
What is the units digit of (-1648)/(-5) + (-18)/(-45)?
0
Let p = 18 + -13. Suppose 2*h - 76 = -p*r + 64, 0 = -h + r + 77. Suppose -h = -4*k - k. What is the units digit of k?
5
Suppose 0 = -f - 3*f + 4. Let c be 21 - (0 + 1 - f). Suppose 0 = 5*p + 5*r - r + 2, 3*p - c = 5*r. What is the units digit of p?
2
Let r = 6 + -4. Suppose -r*q - 3*t = -7*q + 65, 89 = 4*q + 5*t. What is the tens digit of q?
1
Let t(j) = -131*j + 9. What is the tens digit of t(-2)?
7
Let f be 0/(4/(-2 + 4)). Suppose 3*n - 63 + 0 = f. What is the units digit of n?
1
Let l(c) = -c + 0*c**2 + c**2 + 8*c + 9 + 0*c**2. Let p(i) = i**3 + 7*i**2 + 7*i. Let h be p(-6). What is the units digit of l(h)?
3
Let m = -84 + 129. What is the units digit of m?
5
Suppose -233 = -4*i + 71. What is the units digit of (i/(-8))/(4/(-8))?
9
Let f be (6/(-5))/((-2)/10). Suppose -3*r - 13 = 4*u + 2, 0 = -3*u + 5*r + 25. Suppose -2*i - l = -9, 4*i - 2*l + f*l - 16 = u. What is the units digit of i?
5
Let n(p) = -21*p**3 + 19*p**3 - p - 2 + 4*p**2 - 5*p**2. Let b be n(-2). Suppose 3*z + 46 = 5*w - b, 4*w = -3*z + 68. What is the tens digit of w?
1
Let b(v) = v**2 + 2*v + 1. Let k be b(-4). Suppose -41 + k = -4*q. Let m = 22 - q. What is the units digit of m?
4
Suppose l + l = 4*n + 424, 2*l + n = 439. What is the tens digit of l?
1
Let b = 153 + -70. Suppose -3*y - 3*f - b = -7*y, -4*f = y - 16. Let p = -1 + y. What is the units digit of p?
9
Suppose -b + q + 42 = 0, 3*q + q + 207 = 5*b. What is the units digit of b?
9
Let k be 25*-3*(-2)/6. Suppose -u = -4*o + 3 - k, 5*u = 4*o + 78. What is the units digit of u?
4
Suppose 3*l + 0*l - 72 = 0. What is the tens digit of l?
2
Suppose 2*p - 2*c - 10 = 0, 2*c = -p + 5*c + 7. Suppose 22 + 2 = p*u. What is the units digit of u?
6
Let m = 15 - 10. Suppose -m*p + 21 = -19. What is the units digit of p?
8
Let i = -52 - -88. Suppose 4*w - 2*q - q = i, -q = -4. What is the tens digit of w?
1
Let o(a) = a**3 + 14*a**2 + 3*a - 13. What is the tens digit of o(-13)?
1
Let n be (52/39)/((-2)/(-24)). Let f = n + -14. What is the units digit of f?
2
Suppose 3*r - 11 - 16 = 0. Let z = r + -6. What is the units digit of z?
3
Let o(y) = -y**2 + 7*y + 8. Let z be o(8). Suppose z = 5*p - 4 - 6. What is the units digit of (3/4)/(p/16)?
6
Suppose -45 = -3*g - 4*b, -3*g + 75 = -4*b + 6. What is the tens digit of g?
1
Let n be 3/(-3 + 40/12). Suppose n*k - 30 = 6*k. What is the tens digit of k?
1
Let j = 13 - 12. What is the units digit of j?
1
Let v(a) = 2*a**2 - 2*a + 1. Suppose 0 = -4*y - 2 + 6. Let l be v(y). What is the tens digit of (-7 + 5)/(l/(-9))?
1
Suppose 0 = -14*z - 2*z + 1744. What is the tens digit of z?
0
Let f(m) = -m**2 - 5*m - 1. Let g(l) = -3*l**2 - 9*l - 2. Let x(d) = 5*f(d) - 3*g(d). What is the tens digit of x(2)?
2
Suppose 2*z + 110 = 4*z. Suppose -z = -6*n + n. What is the units digit of n?
1
Let w(j) = 2*j + j**2 + 0*j - 3*j - 1. Suppose 2*n = -2*v + 6, 0 = -4*v - n - n + 12. What is the units digit of w(v)?
5
Suppose j - 4 = -0*j. Suppose j*k = -4*i + 96, i + 36 = k + 5*i. Suppose 7 = 4*t - c - 13, 0 = -4*t - 4*c + k. What is the units digit of t?
5
Let b = -3 - -9. Suppose 3*f = f + b. What is the units digit of f?
3
Let n be ((-20)/3)/((-1)/(-3)). Let b = 33 + n. What is the units digit of b?
3
Suppose -5*u + 2 + 18 = -3*b, 5*u - 20 = 5*b. What is the units digit of u?
4
Let b = 37 + -21. What is the units digit of b?
6
Let v(n) = n**3 + 8*n**2 + 7*n + 6. Let w be v(-7). Let r be (-2)/w + (-30)/(-9). What is the tens digit of 21 + -3 - (0 - r)?
2
Suppose g - 240 = -4*g. What is the tens digit of g?
4
Suppose -3*t - 14 = -2*u - 63, -16 = -t + u. What is the tens digit of t?
1
Let k(f) = -2*f. Let j be k(5). Let q = -3 - j. What is the units digit of q?
7
Let o = 195 + -178. What is the tens digit of o?
1
Suppose 5*v = -16 - 4. Let s be 26/8 - (-1)/v. Let o = 3 + s. What is the units digit of o?
6
Suppose 0 = -m + 12 - 2. Let a be ((-12)/m)/((-2)/10). Suppose 0 = -a*c + c + 20. What is the units digit of c?
4
Suppose 5*r + 2*w = -50, -w - 2*w - 23 = r. Let q be 4/r + (-23)/(-2). Suppose 5*b - m = q, -5*m = -2*b - 0*b + 9. What is the units digit of b?
2
Let l(f) = 4*f + 1. Let n be l(1). Suppose -n*v + 2*o = -4 - 43, -2*v + 22 = -4*o. Let b(j) = j - 7. What is the units digit of b(v)?
2
Suppose 5*c - 9 = 121. What is the units digit of c?
6
What is the tens digit of 1058/14 - (54/42)/(-3)?
7
Let q(b) = b**3 - 3*b + 436. What is the tens digit of q(0)?
3
Suppose a + 1 = -2, 23 = b + 3*a. What is the tens digit of b?
3
Let f(c) = 5*c. Le